 2) in base 15?
-288e
Convert -131d (base 16) to base 9.
-6636
What is 422203 (base 5) in base 16?
36e5
What is 5330 (base 11) in base 12?
40b7
778 (base 12) to base 7
3131
Convert -54040 (base 8) to base 4.
-11200200
Convert -2022133 (base 4) to base 16.
-229f
What is 3212 (base 4) in base 7?
446
eb5 (base 15) to base 8
6370
What is 1563 (base 16) in base 10?
5475
Convert 1144 (base 8) to base 4.
21210
What is a182 (base 14) in base 4?
12301212
Convert -a9b7 (base 12) to base 11.
-13074
What is 234 (base 11) in base 16?
117
Convert 37833 (base 9) to base 13.
b78a
414025 (base 6) to base 2
1000001000000001
Convert 1021212222 (base 3) to base 6.
313425
What is 214a (base 16) in base 15?
27d2
What is 625 (base 16) in base 10?
1573
350 (base 12) to base 15
22c
-11476 (base 12) to base 5
-1220010
Convert -9596 (base 11) to base 7.
-51665
-44e (base 15) to base 10
-974
Convert 110211212 (base 3) to base 7.
36206
16432 (base 8) to base 12
438a
53 (base 11) to base 6
134
Convert -275 (base 10) to base 7.
-542
What is 100011111000001 (base 2) in base 5?
1041434
Convert -7dc4 (base 14) to base 15.
-676d
-39877 (base 10) to base 4
-21233011
What is -d2c (base 15) in base 10?
-2967
What is -1001101110 (base 2) in base 7?
-1546
What is 3174 (base 8) in base 13?
9a9
-41354 (base 8) to base 10
-17132
What is -101000000000010 (base 2) in base 12?
-ba2a
What is -281 (base 12) in base 8?
-601
Convert -35135 (base 10) to base 15.
-a625
What is 212010112 (base 3) in base 16?
41de
What is -2c2 (base 13) in base 7?
-1306
What is 221122 (base 3) in base 14?
376
42c1 (base 14) to base 6
125225
Convert -56220 (base 7) to base 5.
-423200
-2201302 (base 4) to base 12
-5baa
Convert -305 (base 9) to base 3.
-100012
What is 21467 (base 8) in base 3?
110100220
-21000212 (base 3) to base 16
-1406
Convert -12320 (base 4) to base 3.
-121022
2711 (base 10) to base 14
db9
What is -1232 (base 13) in base 8?
-5020
What is 1011100110 (base 2) in base 7?
2110
491 (base 12) to base 6
3101
What is 10001000000100 (base 2) in base 8?
21004
-30222303 (base 4) to base 13
-1a808
-134 (base 16) to base 14
-180
Convert -2314331 (base 5) to base 10.
-41841
-4652 (base 9) to base 3
-11201202
Convert -10000010110011 (base 2) to base 14.
-309d
-3634 (base 11) to base 2
-1001010010100
What is -215 (base 12) in base 3?
-102022
Convert 3620 (base 7) to base 2.
10100111001
Convert 239 (base 16) to base 8.
1071
-55343 (base 7) to base 5
-421043
What is ab5c (base 15) in base 5?
2130222
-223 (base 16) to base 12
-397
-8448 (base 11) to base 4
-2232300
-21301112 (base 4) to base 14
-1082a
Convert 1210b (base 12) to base 9.
36352
a93 (base 13) to base 10
1810
Convert -11101111101 (base 2) to base 3.
-2122000
Convert -2cb (base 14) to base 6.
-2351
1857 (base 10) to base 13
acb
Convert 2220012 (base 3) to base 5.
31421
-4960 (base 14) to base 12
-7508
Convert -43100 (base 8) to base 11.
-1256a
-1705 (base 8) to base 4
-33011
Convert -51456 (base 7) to base 2.
-11000100101001
Convert 154233 (base 7) to base 16.
7662
Convert -58812 (base 9) to base 2.
-1001100110000000
Convert 234 (base 5) to base 16.
45
What is 155012 (base 6) in base 16?
3bf0
-245d (base 16) to base 10
-9309
Convert -1035 (base 10) to base 5.
-13120
Convert 6216 (base 8) to base 14.
1258
-46382 (base 9) to base 15
-9275
-42011 (base 7) to base 11
-7812
Convert 1100011011001 (base 2) to base 6.
45241
-196 (base 15) to base 12
-266
What is -290 (base 10) in base 11?
-244
-10101101010 (base 2) to base 13
-828
4382 (base 12) to base 3
101012122
Convert -6bb (base 14) to base 15.
-5e6
Convert 10444 (base 5) to base 8.
1355
31001 (base 5) to base 10
2001
Convert 67bd (base 14) to base 4.
10121103
Convert 131 (base 7) to base 9.
78
Convert -130412 (base 7) to base 16.
-5e97
What is 1100101010 (base 2) in base 14?
41c
cbcb (base 15) to base 6
531502
Convert -288 (base 13) to base 14.
-242
What is -1011100101100110 (base 2) in base 15?
-e0e2
-123355 (base 7) to base 12
-11261
Convert 26035 (base 8) to base 6.
124141
What is 454 (base 9) in base 7?
1042
Convert -5242 (base 8) to base 4.
-222202
Convert -64200 (base 10) to base 8.
-175310
9471 (base 16) to base 13
143b2
What is -1ad97 (base 14) in base 12?
-337b5
-b01 (base 16) to base 15
-c7c
Convert 21010 (base 5) to base 8.
2544
What is 111010110111001 (base 2) in base 10?
30137
Convert 3849 (base 11) to base 6.
35114
57606 (base 8) to base 10
24454
Convert a4a (base 13) to base 15.
7bc
What is 650 (base 8) in base 9?
521
What is 11100000010 (base 2) in base 5?
24134
Convert -922b (base 14) to base 12.
-1265b
What is 23102 (base 5) in base 6?
11352
Convert 4758 (base 14) to base 2.
11000010001010
Convert -11000000100000 (base 2) to base 5.
-343240
What is 6d6 (base 16) in base 3?
2101211
What is 20401 (base 7) in base 6?
35051
What is -281 (base 15) in base 6?
-2351
3110 (base 5) to base 4
12111
Convert 1334 (base 7) to base 15.
245
What is 112200 (base 3) in base 8?
614
Convert 62d6 (base 16) to base 11.
18012
Convert -14318 (base 9) to base 2.
-10011000001001
305b7 (base 13) to base 7
510464
Convert 1212022122 (base 3) to base 4.
20331023
Convert -b598 (base 12) to base 7.
-111566
-23130 (base 4) to base 9
-1003
101012002 (base 3) to base 9
11162
314 (base 12) to base 8
700
What is -1000110010100 (base 2) in base 13?
-2082
-954 (base 10) to base 15
-439
What is 806 (base 10) in base 3?
1002212
-11020323 (base 4) to base 2
-101001000111011
-2034 (base 6) to base 15
-204
163c (base 14) to base 10
3974
Convert -3042 (base 7) to base 14.
-559
Convert -36ac (base 14) to base 8.
-22530
Convert 876 (base 9) to base 10.
717
Convert -25622 (base 10) to base 2.
-110010000010110
32201 (base 5) to base 8
4200
Convert -526 (base 7) to base 8.
-411
What is -342424 (base 5) in base 16?
-2fcf
Convert -1 (base 10) to base 5.
-1
What is -1101110012 (base 3) in base 11?
-19570
What is -20202121 (base 3) in base 16?
-1342
Convert -2212323 (base 4) to base 10.
-10683
1020122 (base 4) to base 6
33242
What is -708 (base 10) in base 7?
-2031
Convert 3112 (base 5) to base 10.
407
12220211 (base 3) to base 11
3273
Convert 230122 (base 4) to base 5.
42332
Convert 10101101100010 (base 2) to base 11.
8387
Convert -3624 (base 11) to base 13.
-2210
-200221 (base 4) to base 6
-13401
Convert 1000100000110101 (base 2) to base 9.
52743
What is 101000010011001 (base 2) in base 7?
114104
What is -1161c (base 15) in base 9?
-83860
102233 (base 4) to base 3
1122102
Convert -88 (base 9) to base 16.
-50
What is 7348 (base 14) in base 8?
46624
-105a8 (base 11) to base 12
-8a84
Convert ec (base 15) to base 7.
435
Convert -ca52 (base 16) to base 12.
-25b82
What is 202a3 (base 11) in base 3?
1111122200
77b5 (base 13) to base 15
4e40
110111200 (base 3) to base 7
35403
Convert 26879 (base 14) to base 7.
543612
-11111100 (base 3) to base 6
-23100
Convert -190 (base 12) to base 15.
-11c
What is -12435 (base 6) in base 2?
-11101100111
Convert -12947 (base 10) to base 2.
-11001010010011
Convert -531 (base 10) to base 3.
-201200
-222424 (base 5) to base 16
-1eb8
What is -21121 (base 4) in base 13?
-373
933 (base 12) to base 3
1211110
-1365 (base 10) to base 11
-1031
Convert 1100120101 (base 3) to base 6.
323231
4250 (base 6) to base 3
1022210
What is -2211200 (base 3) in base 14?
-a7c
Convert 2211 (base 6) to base 9.
627
121210211 (base 3) to base 13
5767
-21263 (base 8) to base 4
-2022303
-4587 (base 9) to base 6
-23424
-211111122 (base 3) to base 12
-95b2
1 (base 5) to base 14
1
What is 654 (base 16) in base 10?
1620
Convert -6a0 (base 14) to base 13.
-7a3
What is 224312 (base 6) in base 11?
13406
-222556 (base 7) to base 8
-114734
Convert -5556 (base 9) to base 13.
-1b36
Convert -256 (base 16) to base 7.
-1513
What is 800 (base 12) in base 8?
2200
What is 2302 (base 8) in base 2?
10011000010
What is 1153 (base 11) in base 15?
6aa
Convert 8994 (base 11) to base 10.
11840
-119 (base 12) to base 13
-c9
2221211 (base 3) to base 7
6166
What is -123023 (base 4) in base 8?
-3313
Convert 2021122110 (base 3) to base 13.
175bc
Convert 103402 (base 6) to base 2.
10000101111010
What is 365145 (base 7) in base 4?
100101000
Convert -2ca (base 13) to base 6.
-2200
10320 (base 6) to base 5
21131
-1a9 (base 13) to base 15
-158
What is -1103 (base 4) in